omposite number?
False
Is 188455 a composite number?
True
Is 143057 prime?
False
Is 979217 a composite number?
True
Is 120277 a prime number?
True
Is 153733 composite?
False
Is 19829 a composite number?
True
Is 2580133 prime?
False
Is 73673 prime?
True
Is 22973 a prime number?
True
Is 785413 prime?
True
Is 29905 prime?
False
Is 153301 prime?
False
Is 53353 a composite number?
False
Is 637969 prime?
False
Is 289591 prime?
False
Is 226679 prime?
False
Is 478 prime?
False
Is 38113 composite?
False
Is 23113 composite?
True
Is 8923 composite?
False
Is 93829 a composite number?
True
Is 830549 a composite number?
False
Is 33199 prime?
True
Is 20183 a composite number?
False
Is 996103 a composite number?
False
Is 29647 composite?
True
Is 55 prime?
False
Is 2182249 a composite number?
False
Is 244519 composite?
True
Is 135613 prime?
True
Is 5625109 composite?
True
Is 6421 composite?
False
Is 476402 a composite number?
True
Is 9767 composite?
False
Is 28387 a composite number?
False
Is 357941 prime?
False
Is 164522 composite?
True
Is 20953 a prime number?
False
Is 4247 composite?
True
Is 96167 prime?
True
Is 6733 prime?
True
Is 30241 prime?
True
Is 5227 prime?
True
Is 58309 a composite number?
False
Is 487133 a prime number?
True
Is 243461 a composite number?
False
Is 12758 prime?
False
Is 185282 a prime number?
False
Is 56521 composite?
True
Is 1110029 prime?
False
Is 995 composite?
True
Is 40459 composite?
False
Is 5141 prime?
False
Is 385109 prime?
True
Is 2503 a composite number?
False
Is 5347 a prime number?
True
Is 6187 a prime number?
False
Is 370597 prime?
True
Is 74489 a composite number?
False
Is 127 a composite number?
False
Is 41647 a composite number?
False
Is 500397 a prime number?
False
Is 23969 a prime number?
False
Is 35029 a prime number?
False
Is 985177 a prime number?
True
Is 22603 a composite number?
True
Is 58169 prime?
True
Is 143647 prime?
False
Is 3979961 composite?
True
Is 154223 a composite number?
True
Is 150139 composite?
True
Is 36263 prime?
True
Is 302551 a composite number?
False
Is 206137 a composite number?
True
Is 266333 a prime number?
True
Is 38059 a prime number?
False
Is 2027 a prime number?
True
Is 38039 prime?
True
Is 43889 composite?
False
Is 1244381 a composite number?
False
Is 47837 a composite number?
False
Is 127283 prime?
False
Is 61027 prime?
True
Is 13097 a prime number?
False
Is 3921337 a prime number?
False
Is 23713 a prime number?
False
Is 25009 prime?
False
Is 7081 a prime number?
False
Is 1061673 composite?
True
Is 30967 a prime number?
False
Is 29473 prime?
True
Is 5401 a prime number?
False
Is 22009 a prime number?
False
Is 14519 prime?
True
Is 977441 a composite number?
True
Is 45497 composite?
False
Is 171023 prime?
True
Is 18266 composite?
True
Is 8917 prime?
False
Is 17657 a prime number?
True
Is 16799 prime?
False
Is 162353 a prime number?
False
Is 8015797 composite?
False
Is 15013 a prime number?
True
Is 50771 prime?
False
Is 797 composite?
False
Is 38431 prime?
True
Is 580079 a composite number?
False
Is 109567 a composite number?
False
Is 84145 composite?
True
Is 2468801 prime?
True
Is 633341 a composite number?
True
Is 6362 a composite number?
True
Is 42821 composite?
False
Is 15926 a composite number?
True
Is 4194187 a prime number?
True
Is 17341 a prime number?
True
Is 5093779 a prime number?
False
Is 75431 composite?
False
Is 29663 prime?
True
Is 1751 a prime number?
False
Is 319351 prime?
True
Is 272185 prime?
False
Is 3323977 a prime number?
True
Is 285179 a prime number?
True
Is 60485 prime?
False
Is 383443 composite?
True
Is 249 a composite number?
True
Is 63721 composite?
True
Is 2467 composite?
False
Is 120203 prime?
False
Is 169 composite?
True
Is 36341 a prime number?
True
Is 35885 prime?
False
Is 93007 composite?
True
Is 20981 prime?
True
Is 96847 composite?
False
Is 527869 composite?
False
Is 13238 a prime number?
False
Is 521 prime?
True
Is 2179 composite?
False
Is 12097 a composite number?
False
Is 34399 composite?
True
Is 11351 prime?
True
Is 98243 a prime number?
False
Is 9235 prime?
False
Is 225833 composite?
True
Is 1379 a composite number?
True
Is 13069 a prime number?
False
Is 601661 composite?
True
Is 20681 a composite number?
False
Is 526087 a composite number?
False
Is 1227 composite?
True
Is 20177 prime?
True
Is 49094 prime?
False
Is 7799 composite?
True
Is 263677 prime?
True
Is 1733 prime?
True
Is 264109 a prime number?
False
Is 45143 prime?
False
Is 33482 prime?
False
Is 196787 a prime number?
False
Is 75503 composite?
False
Is 32267 a composite number?
True
Is 106823 prime?
True
Is 29769 a composite number?
True
Is 14429 a prime number?
False
Is 97547 a prime number?
True
Is 4391 a composite number?
False
Is 141061 prime?
True
Is 16691 prime?
True
Is 9793 composite?
True
Is 6503 composite?
True
Is 20671 a prime number?
False
Is 505277 a prime number?
True
Is 58309 composite?
False
Is 26963 a composite number?
True
Is 10581 a prime number?
False
Is 149387 a composite number?
True
Is 293 a composite number?
False
Is 6487 a prime number?
False
Is 21661 prime?
True
Is 8849 prime?
True
Is 1655873 composite?
False
Is 198443 composite?
True
Is 84431 prime?
True
Is 12247 prime?
False
Is 66077 prime?
False
Is 5386 prime?
False
Is 57037 prime?
True
Is 1511251 composite?
True
Is 1916167 a composite number?
True
Is 86187 prime?
False
Is 5906893 a prime number?
True
Is 36073 composite?
False
Is 34417 a prime number?
False
Is 114067 composite?
False
Is 374317 composite?
False
Is 5039 composite?
False
Is 14137 a composite number?
True
Is 2040709 composite?
True
Is 50411 a prime number?
True
Is 40143 a composite number?
True
Is 63193 a prime number?
False
Is 7493 a composite number?
True
Is 772843 a prime number?
True
Is 96674 a prime number?
False
Is 907 a composite number?
False
Is 41939 prime?
False
Is 16347 prime?
False
Is 4135591 prime?
True
Is 594889 a prime number?
True
Is 1108741 a composite number?
True
Is 152719 composite?
True
Is 107607 a prime number?
False
Is 19289 prime?
True
Is 28643 composite?
False
Is 673 prime?
True
Is 5702 prime?
False
Is 1901 a prime number?
True
Is 58573 prime?
True
Is 2927 a prime number?
True
Is 150869 a composite number?
False
Is 10694 a composite number?
True
Is 126583 a prime number?
True
Is 41549 a prime number?
True
Is 48014 a composite number?
True
Is 20627 a prime number?
True
Is 14353 a composite number?
True
Is 86747 a composite number?
True
Is 54155 a prime number?
False
Is 3755 a composite number?
True
Is 39679 a prime number?
True
Is 31531 composite?
False
Is 1096187 a prime number?
False
Is 27647 a prime number?
True
Is 1442509 composite?
False
Is 1496597 prime?
True
Is 4871 a prime number?
True
Is 35078 a prime number?
False
Is 1883563 composite?
True
Is 10903 a composite number?
False
Is 39553 composite?
True
Is 43093 a composite number?
False
Is 84499 prime?
True
Is 4831 composite?
False
Is 2119 a prime number?
False
Is 1025517 composite?
True
Is 260877 a prime number?
False
Is 18947 composite?
False
Is 490469 prime?
False
Is 3043 a composite number?
True
Is 74353 prime?
True
Is 4087 composite?
True
Is 6803 prime?
True
Is 29846 a composite number?
True
Is 27847 composite?
False
Is 121523 a composite number?
False
Is 32197 composite?
True
Is 243073 prime?
True
Is 94391 prime?
False
Is 96401 a composite number?
False
Is 545711 a composite number?
False
Is 527441 a prime number?
True
Is 11467 a prime number?
True
Is 849155 prime?
False
Is 200206 a prime number?
False
Is 19009 a prime number?
True
Is 10129 a prime number?
False
Is 611029 composite?
True
Is 11717 a composite number?
False
Is 13093 a prime number?
True
Is 767 composite?
True
Is 26687 a prime number?
True
Is 68977 a composite number?
True
Is 10939 a prime number?
True
Is 934073 a prime number?
False
Is 189127 a prime number?
True
Is 6785843 a prime number?
True
Is 230479 prime?
True
Is 108857 composite?
True
Is 2819 a prime number?
True
Is 74551 a composite number?
False
Is 8579 composite?
True
Is 12469 composite?
True
Is 2967693 composite?
True
Is 2137 a prime number?
True
Is 5801 a composite number?
False
Is 277007 prime?
True
Is 147563 composite?
True
Is 14902 a composite number?
True
Is 1097989 prime?
False
Is 375871 a prime number?
False
Is 1257 a compo